{"id":1400,"date":"2024-12-17T13:07:43","date_gmt":"2024-12-17T13:07:43","guid":{"rendered":"https:\/\/www.cfaebi.pt\/portal\/?page_id=1400"},"modified":"2024-12-17T19:46:45","modified_gmt":"2024-12-17T19:46:45","slug":"artigos-de-opiniao","status":"publish","type":"page","link":"https:\/\/www.cfaebi.pt\/portal\/artigos-de-opiniao\/","title":{"rendered":"Artigos de Opini\u00e3o"},"content":{"rendered":"\n    \n    <section class=\"u-clearfix u-grey-5 u-section-2\" id=\"sec-f2b4\">\n      <div class=\"u-clearfix u-sheet u-sheet-1\">\n        <h3 class=\"u-text u-text-default u-text-1\">Artigos de Opini\u00e3o<\/h3>\n        <div class=\"u-blog u-container-style u-expanded-width u-layout-grid u-pagination-center u-blog-1\" data-max-items=\"4\">\n          <div class=\"u-list-control\"><\/div>\n          <div class=\"u-repeater u-repeater-1\">\n            <div class=\"u-blog-post u-container-align-left u-container-style u-repeater-item u-white u-repeater-item-1\">\n              <div class=\"u-container-layout u-similar-container u-container-layout-1\">\n                <h4 class=\"u-align-left u-blog-control u-text u-text-2\">\n                  <a class=\"u-post-header-link\" href=\"https:\/\/www.cfaebi.pt\/portal\/2024\/12\/17\/a-transicao-digital-nas-escolas-um-caminho-sem-retorno-para-o-futuro-da-educacao-em-portugal\/\">A Transi\u00e7\u00e3o Digital nas Escolas: Um Caminho sem retorno para o Futuro da Educa\u00e7\u00e3o em Portugal<\/a>\n                <\/h4>\n                <div class=\"u-blog-control u-metadata u-metadata-1\">\n                  <span class=\"u-meta-date u-meta-icon\">17 de Dezembro, 2024<\/span>\n                  <span class=\"u-meta-category u-meta-icon\"><a class=\"u-textlink\" href=\"https:\/\/www.cfaebi.pt\/portal\/category\/opiniao\/\" rel=\"category tag\">Artigos de Opini\u00e3o<\/a>\n                  <\/span>\n                <\/div>\n                <div class=\"u-align-justify u-blog-control u-post-content u-text u-text-3\"><p>\nVivemos num tempo em que a transforma\u00e7\u00e3o digital se apresenta n\u00e3o apenas como uma tend\u00eancia, mas como uma inevitabilidade. A transi\u00e7\u00e3o digital \u00e9 &hellip;<\/p>\n                <\/div>\n                <a href=\"https:\/\/www.cfaebi.pt\/portal\/2024\/12\/17\/a-transicao-digital-nas-escolas-um-caminho-sem-retorno-para-o-futuro-da-educacao-em-portugal\/\" class=\"u-blog-control u-btn u-button-style u-grey-15 u-hover-grey-80 u-btn-1\">Ler mais<\/a>\n                <div class=\"u-border-3 u-border-grey-dark-1 u-line u-line-horizontal u-line-1\"><\/div>\n              <\/div>\n            <\/div>\n          <\/div>\n          <div class=\"has-pagination u-list-control\">\n          <\/div>\n        <\/div>\n      <\/div>\n    <\/section>\n    \n    \n    \n  \n","protected":false},"excerpt":{"rendered":"<p>Artigos de Opini\u00e3o A Transi\u00e7\u00e3o Digital nas Escolas: Um Caminho sem retorno para o Futuro da Educa\u00e7\u00e3o em Portugal 17 de Dezembro, 2024 Artigos de Opini\u00e3o Vivemos num tempo em que a transforma\u00e7\u00e3o digital se apresenta n\u00e3o apenas como uma tend\u00eancia, mas como uma inevitabilidade. A transi\u00e7\u00e3o digital \u00e9 &hellip; Ler mais<\/p>\n","protected":false},"author":1,"featured_media":0,"parent":0,"menu_order":0,"comment_status":"closed","ping_status":"closed","template":"","meta":{"footnotes":""},"class_list":["post-1400","page","type-page","status-publish","hentry"],"_links":{"self":[{"href":"https:\/\/www.cfaebi.pt\/portal\/wp-json\/wp\/v2\/pages\/1400","targetHints":{"allow":["GET"]}}],"collection":[{"href":"https:\/\/www.cfaebi.pt\/portal\/wp-json\/wp\/v2\/pages"}],"about":[{"href":"https:\/\/www.cfaebi.pt\/portal\/wp-json\/wp\/v2\/types\/page"}],"author":[{"embeddable":true,"href":"https:\/\/www.cfaebi.pt\/portal\/wp-json\/wp\/v2\/users\/1"}],"replies":[{"embeddable":true,"href":"https:\/\/www.cfaebi.pt\/portal\/wp-json\/wp\/v2\/comments?post=1400"}],"version-history":[{"count":7,"href":"https:\/\/www.cfaebi.pt\/portal\/wp-json\/wp\/v2\/pages\/1400\/revisions"}],"predecessor-version":[{"id":1428,"href":"https:\/\/www.cfaebi.pt\/portal\/wp-json\/wp\/v2\/pages\/1400\/revisions\/1428"}],"wp:attachment":[{"href":"https:\/\/www.cfaebi.pt\/portal\/wp-json\/wp\/v2\/media?parent=1400"}],"curies":[{"name":"wp","href":"https:\/\/api.w.org\/{rel}","templated":true}]}}

Artigos de Opinião

<section class="u-clearfix u-grey-5 u-section-2" id="sec-f2b4">
      <div class="u-clearfix u-sheet u-sheet-1">
        <h3 class="u-text u-text-default u-text-1">Artigos de Opinião</h3>
        <div class="u-blog u-container-style u-expanded-width u-layout-grid u-pagination-center u-blog-1" data-max-items="4">
          <div class="u-list-control"></div>
          <div class="u-repeater u-repeater-1">
            <div class="u-blog-post u-container-align-left u-container-style u-repeater-item u-white u-repeater-item-1">
              <div class="u-container-layout u-similar-container u-container-layout-1">
                <h4 class="u-align-left u-blog-control u-text u-text-2">
                  <a class="u-post-header-link" href="https://www.cfaebi.pt/portal/2024/12/17/a-transicao-digital-nas-escolas-um-caminho-sem-retorno-para-o-futuro-da-educacao-em-portugal/">A Transição Digital nas Escolas: Um Caminho sem retorno para o Futuro da Educação em Portugal</a>
                </h4>
                <div class="u-blog-control u-metadata u-metadata-1">
                  <span class="u-meta-date u-meta-icon">17 de Dezembro, 2024</span>
                  <span class="u-meta-category u-meta-icon"><a class="u-textlink" href="https://www.cfaebi.pt/portal/category/opiniao/" rel="category tag">Artigos de Opinião</a>
                  </span>
                </div>
                <div class="u-align-justify u-blog-control u-post-content u-text u-text-3"><p>
Vivemos num tempo em que a transformação digital se apresenta não apenas como uma tendência, mas como uma inevitabilidade. A transição digital é &hellip;</p>
                </div>
                <a href="https://www.cfaebi.pt/portal/2024/12/17/a-transicao-digital-nas-escolas-um-caminho-sem-retorno-para-o-futuro-da-educacao-em-portugal/" class="u-blog-control u-btn u-button-style u-grey-15 u-hover-grey-80 u-btn-1">Ler mais</a>
                <div class="u-border-3 u-border-grey-dark-1 u-line u-line-horizontal u-line-1"></div>
              </div>
            </div>
          </div>
          <div class="has-pagination u-list-control">
          </div>
        </div>
      </div>
    </section>

<p>Artigos de Opinião A Transição Digital nas Escolas: Um Caminho sem retorno para o Futuro da Educação em Portugal 17 de Dezembro, 2024 Artigos de Opinião Vivemos num tempo em que a transformação digital se apresenta não apenas como uma tendência, mas como uma inevitabilidade. A transição digital é &hellip; Ler mais</p>
