{"id":1439,"date":"2024-12-19T10:12:37","date_gmt":"2024-12-19T10:12:37","guid":{"rendered":"https:\/\/www.cfaebi.pt\/portal\/1439-2\/"},"modified":"2025-01-07T09:24:15","modified_gmt":"2025-01-07T09:24:15","slug":"1439-2","status":"publish","type":"page","link":"https:\/\/www.cfaebi.pt\/portal\/1439-2\/","title":{"rendered":"Transi\u00e7\u00e3o Digital das Escolas"},"content":{"rendered":"\n    \n    <section class=\"u-align-center-lg u-align-center-md u-align-center-sm u-align-center-xs u-clearfix u-container-align-center-xl u-height-50vw-sm u-white u-section-2\" id=\"carousel_2216\">\n      <div class=\"u-clearfix u-sheet u-sheet-1\">\n        <img decoding=\"async\" class=\"u-expanded-width u-image u-image-default u-image-1\" src=\"https:\/\/www.cfaebi.pt\/portal\/wp-content\/uploads\/2024\/12\/IK4YVEw.jpeg\" alt=\"\" data-image-width=\"5000\" data-image-height=\"3220\" data-animation-name=\"customAnimationIn\" data-animation-duration=\"1500\" data-animation-delay=\"500\">\n        <div class=\"u-container-style u-expanded-width-xs u-group u-white u-group-1\" data-animation-name=\"customAnimationIn\" data-animation-duration=\"1500\" data-animation-delay=\"0\">\n          <div class=\"u-container-layout u-container-layout-1\">\n            <h1 class=\"u-align-center u-text u-text-palette-5-dark-3 u-text-1\" data-animation-name=\"customAnimationIn\" data-animation-duration=\"1500\" data-animation-delay=\"500\"> Capacita\u00e7\u00e3o Digital das Escolas<\/h1>\n            <p class=\"u-align-justify u-text u-text-2\">O Programa de digitaliza\u00e7\u00e3o para as Escolas, no \u00e2mbito do&nbsp;Plano de A\u00e7\u00e3o para a Transi\u00e7\u00e3o Digital, de 21 de abril de 2020 (Resolu\u00e7\u00e3o do Conselho de Ministros n.\u00ba 30\/2020), prev\u00ea o desenvolvimento de um programa para a transforma\u00e7\u00e3o digital das escolas.A Capacita\u00e7\u00e3o Digital das Escolas pretende impulsionar o desenvolvimento de estrat\u00e9gias inovadoras e indutoras de mudan\u00e7a que ter\u00e3o impacto na melhoria da gest\u00e3o escolar, na qualidade do ensino, nas aprendizagens e nos resultados escolares. <br>Por conseguinte, este processo em que as escolas se envolveram n\u00e3o se limita \u00e0 substitui\u00e7\u00e3o de livros por computadores ou \u00e0 utiliza\u00e7\u00e3o espor\u00e1dica de plataformas digitais. \u00c9, antes, um processo profundo que exige uma reestrutura\u00e7\u00e3o do ensino e da aprendizagem. Tal como defendido nos referenciais europeus, a digitaliza\u00e7\u00e3o educativa deve focar-se na cria\u00e7\u00e3o de ambientes de aprendizagem din\u00e2micos, interativos e colaborativos, potenciando as compet\u00eancias digitais dos alunos e professores, e preparando-os para um mercado de trabalho cada vez mais exigente e globalizado.\n            <\/p>\n            <img decoding=\"async\" class=\"u-image u-image-contain u-image-default u-image-2\" src=\"https:\/\/www.cfaebi.pt\/portal\/wp-content\/uploads\/2024\/12\/capacitacaodasescolas.png\" alt=\"\" data-image-width=\"340\" data-image-height=\"140\">\n            <img decoding=\"async\" class=\"u-image u-image-contain u-image-default u-image-3\" src=\"https:\/\/www.cfaebi.pt\/portal\/wp-content\/uploads\/2024\/12\/MENSI-scaled.jpg\" alt=\"\" data-image-width=\"4433\" data-image-height=\"591\">\n          <\/div>\n        <\/div>\n      <\/div>\n    <\/section>\n    <section class=\"u-clearfix u-section-3\" id=\"carousel_1803\">\n      <div class=\"u-clearfix u-sheet u-sheet-1\">\n        <div class=\"u-image u-image-circle u-image-contain u-image-1\" alt=\"\" data-image-width=\"715\" data-image-height=\"239\" style=\"background-image: url(&quot;https:\/\/www.cfaebi.pt\/portal\/wp-content\/uploads\/2024\/12\/logo_prompt.png&quot;);\"><\/div>\n        <h5 class=\"u-align-center u-text u-text-1\"> Plataforma de Cria\u00e7\u00e3o de \u201cPrompts\u201d para a Utiliza\u00e7\u00e3o de IA no Ensino \u2013 CCTIC Castelo Branco<\/h5>\n        <p class=\"u-align-justify u-large-text u-text u-text-variant u-text-2\"> Ferramenta de cria\u00e7\u00e3o de&nbsp;prompts&nbsp;para planeamento de atividades letivas.<br>D\u00ea orienta\u00e7\u00f5es \u00e0 IA e crie facilmente o seu&nbsp;prompt&nbsp;para diversas situa\u00e7\u00f5es de planeamento com que o professor se depara. Para j\u00e1 temos dispon\u00edvel o&nbsp;Planeamento de Aulas,&nbsp;Rubricas de Avalia\u00e7\u00e3o&nbsp;e&nbsp;Fichas e Testes.\n        <\/p>\n        <a href=\"https:\/\/cctic.ipcb.pt\/prompt-ed\/\" class=\"u-border-none u-btn u-button-style u-hover-palette-1-light-1 u-palette-1-base u-radius u-btn-1\" target=\"_blank\">plataforma <\/a>\n        <img decoding=\"async\" class=\"u-image u-image-contain u-image-default u-image-2\" src=\"https:\/\/www.cfaebi.pt\/portal\/wp-content\/uploads\/2024\/12\/Captura-de-ecra-2024-12-18-as-12.49.18.png\" alt=\"\" data-image-width=\"2204\" data-image-height=\"1717\">\n        <h4 class=\"u-align-center u-text u-text-3\">Tutorial Explicativo da Ferramenta<\/h4>\n        <div class=\"u-video u-video-contain u-video-1\">\n          <div class=\"embed-responsive embed-responsive-1\">\n            <iframe style=\"position: absolute;top: 0;left: 0;width: 100%;height: 100%;\" class=\"embed-responsive-item\" src=\"https:\/\/www.youtube.com\/embed\/Fcnc5ARkV1Y?mute=0&amp;showinfo=0&amp;controls=0&amp;start=0\" frameborder=\"0\" allowfullscreen=\"\"><\/iframe>\n          <\/div>\n        <\/div>\n      <\/div>\n    <\/section>\n    \n    \n    \n    \n  \n","protected":false},"excerpt":{"rendered":"<p>Capacita\u00e7\u00e3o Digital das Escolas O Programa de digitaliza\u00e7\u00e3o para as Escolas, no \u00e2mbito do&nbsp;Plano de A\u00e7\u00e3o para a Transi\u00e7\u00e3o Digital, de 21 de abril de 2020 (Resolu\u00e7\u00e3o do Conselho de Ministros n.\u00ba 30\/2020), prev\u00ea o desenvolvimento de um programa para a transforma\u00e7\u00e3o digital das escolas.A Capacita\u00e7\u00e3o Digital das Escolas pretende impulsionar o desenvolvimento de estrat\u00e9gias &hellip; <a href=\"https:\/\/www.cfaebi.pt\/portal\/1439-2\/\" class=\"more-link\">Continue reading<span class=\"screen-reader-text\"> &#8220;Transi\u00e7\u00e3o Digital das Escolas&#8221;<\/span><\/a><\/p>\n","protected":false},"author":1,"featured_media":0,"parent":0,"menu_order":0,"comment_status":"closed","ping_status":"closed","template":"","meta":{"footnotes":""},"class_list":["post-1439","page","type-page","status-publish","hentry"],"_links":{"self":[{"href":"https:\/\/www.cfaebi.pt\/portal\/wp-json\/wp\/v2\/pages\/1439","targetHints":{"allow":["GET"]}}],"collection":[{"href":"https:\/\/www.cfaebi.pt\/portal\/wp-json\/wp\/v2\/pages"}],"about":[{"href":"https:\/\/www.cfaebi.pt\/portal\/wp-json\/wp\/v2\/types\/page"}],"author":[{"embeddable":true,"href":"https:\/\/www.cfaebi.pt\/portal\/wp-json\/wp\/v2\/users\/1"}],"replies":[{"embeddable":true,"href":"https:\/\/www.cfaebi.pt\/portal\/wp-json\/wp\/v2\/comments?post=1439"}],"version-history":[{"count":5,"href":"https:\/\/www.cfaebi.pt\/portal\/wp-json\/wp\/v2\/pages\/1439\/revisions"}],"predecessor-version":[{"id":1553,"href":"https:\/\/www.cfaebi.pt\/portal\/wp-json\/wp\/v2\/pages\/1439\/revisions\/1553"}],"wp:attachment":[{"href":"https:\/\/www.cfaebi.pt\/portal\/wp-json\/wp\/v2\/media?parent=1439"}],"curies":[{"name":"wp","href":"https:\/\/api.w.org\/{rel}","templated":true}]}}